he greatest common divisor of 135801374 and 203?
29
What is the greatest common factor of 86282975 and 4350?
725
Calculate the highest common divisor of 7 and 14324058.
7
Calculate the greatest common factor of 51919732 and 12.
4
What is the greatest common factor of 958031843 and 62?
31
Calculate the highest common divisor of 283560 and 470760.
120
Calculate the greatest common divisor of 6335 and 78295.
35
Calculate the greatest common divisor of 3102 and 20454.
6
Calculate the highest common factor of 2876 and 327306775.
719
Calculate the greatest common divisor of 14674870 and 30.
10
What is the greatest common divisor of 7479 and 36088945?
277
Calculate the greatest common factor of 3595 and 530773709.
719
What is the greatest common divisor of 31 and 14893981?
31
What is the greatest common factor of 156 and 33081594?
78
What is the highest common divisor of 88128455 and 70?
5
Calculate the greatest common divisor of 94164 and 122307.
177
Calculate the greatest common divisor of 1195 and 416565.
5
What is the greatest common factor of 38430 and 22265?
305
What is the highest common divisor of 6699 and 677208?
609
Calculate the greatest common factor of 111795141 and 129.
129
What is the greatest common divisor of 7657 and 76526528?
247
Calculate the greatest common divisor of 3845 and 3658133.
769
Calculate the greatest common factor of 2922 and 510126.
6
Calculate the greatest common divisor of 39377 and 287469.
169
Calculate the highest common divisor of 7518870 and 59166.
342
What is the greatest common divisor of 749024 and 1888?
32
What is the greatest common factor of 133755 and 11878890?
3615
Calculate the greatest common divisor of 803136 and 192888.
1128
What is the highest common factor of 893 and 1770302?
47
Calculate the highest common divisor of 756728349 and 377.
377
Calculate the highest common divisor of 8208760 and 80.
40
What is the highest common divisor of 12 and 32880444?
12
Calculate the highest common factor of 363 and 889251.
33
Calculate the greatest common factor of 10596015 and 79866.
1377
Calculate the greatest common divisor of 1518 and 169960087.
253
Calculate the greatest common divisor of 1039934520 and 4923.
4923
Calculate the highest common divisor of 7758 and 3022200.
18
Calculate the highest common divisor of 136857 and 162849.
57
What is the greatest common divisor of 14700325 and 850?
425
What is the greatest common factor of 6934727976 and 132?
132
What is the highest common factor of 1197 and 28934283?
399
What is the greatest common factor of 18075785 and 65?
65
What is the greatest common divisor of 200316387 and 8879?
683
Calculate the greatest common factor of 2208 and 1886784.
96
What is the highest common divisor of 18 and 4190709?
3
Calculate the highest common divisor of 41097528 and 962.
74
What is the highest common factor of 21361 and 3160907?
521
Calculate the highest common factor of 100423827 and 2457.
189
What is the highest common divisor of 836188752 and 259?
259
What is the highest common divisor of 1445 and 1116407?
289
Calculate the highest common factor of 464070547 and 226.
113
What is the greatest common factor of 29960 and 179060?
140
What is the highest common divisor of 1710677141 and 46?
23
Calculate the greatest common divisor of 7624983 and 20603.
1873
Calculate the greatest common factor of 310652 and 408332.
148
Calculate the greatest common divisor of 7482 and 300904.
58
What is the highest common factor of 4480 and 408356480?
4480
What is the highest common divisor of 187815 and 35910?
285
What is the highest common divisor of 8820 and 850140?
180
What is the highest common divisor of 2335950 and 43800?
150
Calculate the highest common factor of 9 and 289667271.
3
Calculate the greatest common factor of 6306725 and 575.
25
What is the greatest common divisor of 20820 and 72326598?
2082
Calculate the highest common factor of 41 and 28691759.
41
Calculate the highest common factor of 68052168 and 2814.
402
What is the highest common divisor of 3084 and 8224771?
257
Calculate the greatest common divisor of 186025225 and 200.
25
What is the highest common divisor of 1464536 and 104?
8
What is the greatest common divisor of 9750 and 5697000?
750
Calculate the greatest common divisor of 46209287 and 17132.
4283
What is the greatest common factor of 3051025 and 1675?
25
Calculate the greatest common factor of 8708 and 1164716.
28
Calculate the greatest common factor of 440 and 18261680.
40
What is the greatest common divisor of 11104109 and 119609?
2441
What is the greatest common factor of 852 and 293362841?
71
What is the highest common divisor of 59100 and 84400?
100
Calculate the highest common divisor of 92 and 18665972.
92
Calculate the highest common divisor of 3066594 and 18.
6
Calculate the highest common divisor of 119719152 and 15228.
1692
What is the highest common divisor of 185 and 30715?
5
Calculate the highest common divisor of 198 and 41033234.
22
What is the highest common divisor of 134 and 179078873?
67
What is the highest common factor of 532 and 25754025?
19
What is the greatest common factor of 16834852 and 296?
148
What is the highest common divisor of 1729 and 2640677?
247
Calculate the highest common divisor of 2112 and 894564.
132
What is the highest common factor of 1424 and 27606910?
178
Calculate the greatest common divisor of 990 and 6577010.
110
What is the highest common divisor of 1218 and 15909474?
42
What is the highest common factor of 10 and 4696015?
5
What is the highest common factor of 54 and 9676962?
54
Calculate the highest common factor of 30947520 and 80.
80
What is the greatest common divisor of 716625 and 780?
195
Calculate the greatest common factor of 37714 and 33381468.
218
What is the greatest common divisor of 212638960 and 1070?
1070
Calculate the greatest common factor of 3148796 and 2675.
107
What is the highest common divisor of 58 and 392254?
58
What is the highest common factor of 1560400 and 44744?
376
Calculate the greatest common divisor of 583343007 and 83.
83
What is the highest common divisor of 31520 and 711009248?
6304
What is the highest common divisor of 82490 and 60?
10
What is the highest common divisor of 6464 and 24480077?
101
What is the greatest common factor of 768 and 135732?
12
What is the highest common factor of 58982 and 83830274?
8426
What is the highest common divisor of 1021777034 and 12066?
4022
Calculate the highest common divisor of 36 and 36235956.
12
What is the highest common divisor of 243 and 221544801?
243
What is the greatest common factor of 10099462 and 271399?
2137
What is the greatest common divisor of 168912 and 139472?
368
What is the highest common divisor of 27408276 and 4026?
366
What is the greatest common divisor of 5661920 and 41821?
3217
Calculate the greatest common factor of 3143 and 28185077.
449
Calculate the greatest common divisor of 65559 and 7499843.
533
What is the highest common factor of 75745291 and 802?
401
What is the highest common divisor of 19920 and 953415?
15
What is the greatest common divisor of 56308990 and 410?
410
What is the highest common factor of 86970070 and 110?
110
What is the highest common divisor of 7280452 and 656?
164
What is the highest common factor of 1575558 and 5888538?
8802
What is the highest common divisor of 1019651 and 28667?
263
What is the greatest common factor of 3640330 and 620?
310
Calculate the highest common factor of 21804633 and 3843.
549
Calculate the highest common factor of 29140 and 258385.
155
Calculate the highest common divisor of 64890 and 12900510.
630
What is the highest common divisor of 3905040 and 46640?
4240
Calculate the greatest common factor of 4233243 and 54285.
987
Calculate the highest common factor of 46512796 and 66.
22
Calculate the greatest common divisor of 853650 and 540.
90
What is the greatest common factor of 44 and 83443?
1
Calculate the highest common factor of 35055 and 1536885.
1845
What is the greatest common divisor of 71770014 and 174?
6
What is the highest common factor of 133 and 6424337?
19
What is the greatest common divisor of 1644 and 13112681?
137
Calculate the greatest common factor of 4936800 and 1600.
800
Calculate the highest common factor of 307125 and 392028.
2